
-29
Let f(x) = 920*x**2 + 364*x + 27. Determine f(-1).
583
Let u(b) = b**3 + 63*b**2 + 204*b + 2458. What is u(-60)?
1018
Let x(n) = -5*n**3 + 311*n**2 - 83*n + 561. Determine x(62).
-741
Let q(z) = -2*z**3 + 20*z**2 - 126*z - 28. Give q(13).
-2680
Let g(u) = -330*u + 3653. What is g(11)?
23
Let h(k) = -3*k**3 - 536*k**2 + 22433*k + 7. Determine h(35).
-63
Let x(p) = -p**2 - 730*p - 132702. Determine x(-388).
-6
Let m(a) = a**3 + 9*a**2 - 56*a - 209. Determine m(8).
431
Let i(v) = v**2 - 189*v - 1266. Calculate i(209).
2914
Let j(x) = x**2 + 80*x - 4492. What is j(-118)?
-8
Let k(i) = -10*i**2 - 6378*i + 20502. Determine k(-641).
-10
Let v(n) = -753*n**2 - 1305*n - 16. Give v(-4).
-6844
Let l(h) = -h**3 + 35*h**2 - 275*h - 65. What is l(21)?
334
Let j(l) = -7*l**2 - 1792*l - 28426. Give j(-17).
15
Let w(r) = -2094*r - 232442. Determine w(-111).
-8
Let q(v) = -5*v**2 - 446*v + 768. What is q(-91)?
-51
Let o(m) = -7*m**3 + 7*m**2 + 42221*m - 42225. Give o(1).
-4
Let q(z) = -6*z**2 - 3881*z + 19379. Calculate q(5).
-176
Let o(g) = -25470*g + 636723. Give o(25).
-27
Let t(m) = 22*m**2 - 64*m + 619. Determine t(0).
619
Let w(c) = -4986*c**2 - 44880*c - 7. What is w(-9)?
47
Let y(i) = -281*i + 91521. Calculate y(325).
196
Let n(w) = 216*w**2 + 147572*w + 30053. Determine n(-683).
1
Let f(q) = -3*q**3 + 1758*q**2 + 12452*q + 754. Calculate f(593).
161
Let u(y) = -11622*y - 58843. Calculate u(-5).
-733
Let f(w) = w**2 + 1603*w + 19449. Calculate f(-12).
357
Let n(i) = -2027*i + 777. What is n(0)?
777
Let y(c) = 278*c**2 - 835*c + 2. What is y(3)?
-1
Let m(u) = -2*u**2 - 138*u - 2264. Give m(-41).
32
Let b(k) = -18*k**2 - 92*k + 692. Determine b(4).
36
Let m(d) = -21018*d + 5653869. What is m(269)?
27
Let i(v) = -30*v + 1027. What is i(30)?
127
Let x(m) = 9560*m - 344165. Give x(36).
-5
Let w(g) = -91*g**2 + 539*g - 418. Determine w(7).
-1104
Let b(l) = -21*l**2 - 598*l + 4649. Give b(8).
-1479
Let q(c) = 2018*c + 102681. Calculate q(-51).
-237
Let w(d) = -41301*d - 6071236. Calculate w(-147).
11
Let l(z) = 43*z**2 + 1893*z - 15298. What is l(-51)?
2
Let r(g) = -2809*g + 308979. Give r(110).
-11
Let y(s) = -2*s**3 + 23*s**2 + 67*s - 803. Calculate y(10).
167
Let q(b) = 59*b**2 - 1108*b + 1078. Determine q(1).
29
Let l(y) = y**2 + 32776*y + 524173. Determine l(-16).
13
Let p(z) = z**2 + 7*z - 175. Give p(9).
-31
Let s(t) = -1981*t**2 + 17856*t - 243. Calculate s(9).
0
Let m(i) = i**2 - 1204*i + 24064. Give m(20).
384
Let b(q) = 243714*q + 974862. What is b(-4)?
6
Let c(a) = 3050*a - 4053. Give c(1).
-1003
Let w(d) = 531*d + 39830. Give w(-75).
5
Let w(q) = 209*q - 52915. Determine w(253).
-38
Let q(z) = -z**2 + 11*z + 544. What is q(0)?
544
Let i(d) = -3*d**3 + 16*d**2 + 10. What is i(8)?
-502
Let t(h) = -1133*h - 163676. Calculate t(-145).
609
Let k(r) = 102*r - 5128. Give k(22).
-2884
Let d(g) = -37*g**2 - 1327*g + 1518. Give d(-37).
-36
Let h(l) = -l**3 - 270*l**2 - 1061*l + 706. Calculate h(-266).
-92
Let b(i) = 20*i**2 + 372*i + 1062. Give b(-3).
126
Let l(k) = k**3 + 28*k**2 + 7*k - 688. What is l(-6)?
62
Let v(n) = n**2 + 631*n + 37669. What is v(-564)?
-119
Let k(p) = 3785*p + 230885. Determine k(-61).
0
Let n(m) = -52*m**2 - 17830*m + 2065. Give n(-343).
7
Let n(w) = -2*w**3 + 101*w**2 - 8*w - 139. Calculate n(0).
-139
Let r(c) = 3496*c + 129476. What is r(-37)?
124
Let v(c) = -2296*c + 110216. Calculate v(48).
8
Let m(k) = k**2 - 233*k + 7522. What is m(44)?
-794
Let o(u) = -u**3 - 196*u**2 - 405*u - 3639. Determine o(-194).
-341
Let o(v) = -2*v**3 + 6*v**2 + 146*v - 63. Calculate o(-9).
567
Let f(v) = -20*v**2 + 2337*v + 85118. What is f(146)?
0
Let h(p) = -13*p**2 + 1090*p + 1093. Determine h(-1).
-10
Let c(k) = -k**3 + 24*k**2 - 180*k + 160. Give c(10).
-240
Let k(i) = -2*i**3 - 25*i**2 + 125*i + 1018. Determine k(-5).
18
Let d(c) = 9535*c + 19055. What is d(-2)?
-15
Let y(w) = -w**3 + 142*w**2 + 1974*w + 6348. Calculate y(155).
-7
Let r(s) = 6*s**2 - 446*s - 1889. Give r(-4).
-9
Let l(u) = 8*u**2 - 503*u + 39. What is l(62)?
-395
Let k(p) = 2117*p - 486914. What is k(230)?
-4
Let m(b) = -b**3 - 36*b**2 - 249*b - 73. Determine m(-27).
89
Let w(u) = 6309*u - 83486. Calculate w(13).
-1469
Let l(c) = c**2 + 12251*c - 122644. Calculate l(10).
-34
Let w(n) = 134209*n - 3221004. What is w(24)?
12
Let b(o) = 12*o**2 - 221*o + 138. Calculate b(16).
-326
Let o(p) = 175*p - 62119. Calculate o(355).
6
Let b(l) = -423*l - 31692. Determine b(-75).
33
Let n(k) = -k**3 - 61*k**2 - 842*k + 2072. Calculate n(-36).
-16
Let o(a) = -3*a**3 - 53*a**2 - 104*a - 381. What is o(-16)?
3
Let v(d) = d**2 + 9894*d + 165. Give v(0).
165
Let q(o) = -43*o**3 - 1848*o**2 + 54*o + 579. Calculate q(-43).
106
Let o(l) = -16704*l + 66804. Calculate o(4).
-12
Let l(q) = -224*q - 18103. Determine l(-81).
41
Let f(b) = 4127*b - 17542. Determine f(4).
-1034
Let y(b) = 219*b**3 - 1969*b**2 - 31*b + 89. What is y(9)?
-28
Let m(s) = -2389*s - 11027. What is m(-5)?
918
Let t(b) = -b**2 + 852*b + 42703. Give t(-47).
450
Let b(r) = -50*r**2 - 464*r - 38. Calculate b(-9).
88
Let n(s) = -4*s**2 - 125*s + 405. Give n(-34).
31
Let u(t) = 3512*t - 1552281. What is u(442)?
23
Let b(q) = 2*q**3 - 24*q**2 + 50*q + 78. Give b(5).
-22
Let r(l) = -82*l**2 + 268*l - 271. Give r(1).
-85
Let o(z) = -z**3 + 6340*z**2 - 44318*z - 65. Calculate o(7).
26
Let z(p) = -p**2 + 3955*p + 79501. Determine z(-20).
1
Let w(l) = -2937*l + 11542. Determine w(4).
-206
Let d(i) = i**2 + 183*i + 7042. Determine d(-85).
-1288
Let f(y) = 6*y**3 - 94*y**2 - 2049*y + 32275. Calculate f(16).
3
Let g(h) = -h**3 - 457*h**2 + 42*h + 19192. Determine g(-457).
-2
Let s(i) = -591*i + 19614. Give s(33).
111
Let h(g) = -3*g**3 + 3*g**2 - 69*g - 717. Calculate h(-8).
1563
Let h(w) = -6*w**3 + 503*w**2 - 7600*w - 1048. Calculate h(64).
-24
Let y(w) = -2*w**2 + 110*w + 6580. Give y(90).
280
Let m(y) = -96947*y - 678629. Give m(-7).
0
Let a(r) = -r**2 + 254*r + 3385. Determine a(-13).
-86
Let u(f) = -4874*f**2 - 2*f - 13. Calculate u(0).
-13
Let r(b) = -3*b**2 - 1163*b - 110220. Give r(-222).
114
Let u(c) = 842*c + 15022. Determine u(-21).
-2660
Let m(b) = 5*b**2 + 262*b + 129. Give m(-35).
-2916
Let c(m) = -185*m - 4720. Give c(-23).
-465
Let b(o) = -2*o**3 - 373*o**2 + 943*o - 1283. What is b(-189)?
-905
Let c(t) = 111*t**2 - 123*t - 3. Give c(2).
195
Let s(p) = 2233*p + 11743. Determine s(-5).
578
Let v(k) = k**3 - 76*k**2 + 958*k + 122. Calculate v(60).
2
Let m(g) = -g**2 + 95*g + 211. Give m(99).
-185
Let m(r) = -r**3 + 103*r**2 + 131*r - 2355. Calculate m(104).
453
Let s(r) = -408*r - 12805. Calculate s(-22).
-3829
Let p(c) = 493*c**2 + 15275*c - 214. Determine p(-31).
34
Let q(u) = -115131*u - 3338777. Calculate q(-29).
22
Let z(f) = f**2 - 1012*f - 41000. What is z(-39)?
-11
Let o(n) = 2*n**3 - 449*n**2 + 627*n + 9376. Determine o(223).
10
Let a(i) = -35*i**2 - 177*i - 533. Determine a(-3).
-317
Let y(p) = -52*p**2 - 1772*p - 5315. Determine y(-3).
-467
Let d(j) = -2408*j + 5804. Give d(2).
988
Let v(g) = -558*g - 16. What is v(-1)?
542
Let u(t) = 3*t**3 + t**2 + 12*t + 14. Determine u(-2).
-30
Let t(l) = 47200*l + 802408. Give t(-17).
8
Let y(h) = -h**3 + 149*h**2 - 3416*h + 520. Calculate y(121).
-2868
Let n(o) = 1515*o + 7269. Give n(-4).
1209
Let u(q) = -415*q - 5792. Give u(-14).
18
Let j(x) = 2*x**2 - 1292*x + 200970. Calculate j(385).
0
Let h(g) = 483*g - 99858. Give h(207).
123
Let o(n) = -4*n**2 - 308*n - 5209. Calculate o(-52).
-9
Let p(m) = 374*m**2 + 10849*m + 53. Determine p(-29).
-34
Let r(u) = 3725*u - 63290. What is r(17)?
35
Let j(l) = -4*l**2 + 21*l + 62. What is j(7)?
13
Let w(y) = 2233667*y + 6700998. Give w(-3).
-3
Let i(c) = -507*c**2 + 17741*c + 39. Determine i(35).
-101
Let o(b) = 2*b**2 - 28339*b + 565992. Determine o(20).
12
Let i(j) = 10*j**3 - 12*j**2 + 518*j - 1000. Calculate i(2).
68
Let a(b) = -3*b**2 - 26875*b + 1732297. What is a(64)?
9
Let o(z) = z**2 + 3090*z + 190637. Calculate o(-63).
-64
Let o(t) = 17*t**2 + 443*t + 2624. Determine o(-17).
6
Let d(p) = 2*p**2 - 15054*p + 16101346. Determine d(1291).
-6
Let z(n) = -1506*n - 25719. What is z(-17)?
-117
Let h(y) = -3*y**2 + 226*y + 107974. Determine h(231).
97
Let c(l) = 362*l**2 + 151673*l - 2099. Determine c(-419).
-4
Let r(x) = 1567